CRAN Package Check Results for Package acopula

Last updated on 2025-07-05 05:50:21 CEST.

Flavor Version Tinstall Tcheck Ttotal Status Flags
r-devel-linux-x86_64-debian-clang 0.9.4 4.31 37.05 41.36 NOTE
r-devel-linux-x86_64-debian-gcc 0.9.4 3.28 26.72 30.00 NOTE
r-devel-linux-x86_64-fedora-clang 0.9.4 66.87 OK
r-devel-linux-x86_64-fedora-gcc 0.9.4 62.59 OK
r-devel-windows-x86_64 0.9.4 5.00 52.00 57.00 OK
r-patched-linux-x86_64 0.9.4 5.05 34.05 39.10 OK
r-release-linux-x86_64 0.9.4 3.55 34.65 38.20 OK
r-release-macos-arm64 0.9.4 21.00 OK
r-release-macos-x86_64 0.9.4 36.00 OK
r-release-windows-x86_64 0.9.4 4.00 54.00 58.00 OK
r-oldrel-macos-arm64 0.9.4 26.00 OK
r-oldrel-macos-x86_64 0.9.4 30.00 OK
r-oldrel-windows-x86_64 0.9.4 7.00 59.00 66.00 OK

Check Details

Version: 0.9.4
Check: CRAN incoming feasibility
Result: NOTE Maintainer: ‘Tomas Bacigal <bacigal@math.sk>’ No Authors@R field in DESCRIPTION. Please add one, modifying Authors@R: person(given = "Tomas", family = "Bacigal", role = c("aut", "cre"), email = "bacigal@math.sk") as necessary. Flavors: r-devel-linux-x86_64-debian-clang, r-devel-linux-x86_64-debian-gcc