Last updated on 2025-07-05 05:50:41 CEST.
Flavor | Version | Tinstall | Tcheck | Ttotal | Status | Flags |
---|---|---|---|---|---|---|
r-devel-linux-x86_64-debian-clang | 0.1.41 | 138.77 | 30.69 | 169.46 | OK | |
r-devel-linux-x86_64-debian-gcc | 0.1.41 | 91.99 | 24.42 | 116.41 | OK | |
r-devel-linux-x86_64-fedora-clang | 0.1.41 | 348.76 | OK | |||
r-devel-linux-x86_64-fedora-gcc | 0.1.41 | 304.37 | OK | |||
r-devel-windows-x86_64 | 0.1.41 | 149.00 | 70.00 | 219.00 | OK | |
r-patched-linux-x86_64 | 0.1.41 | 136.16 | 28.50 | 164.66 | OK | |
r-release-linux-x86_64 | 0.1.41 | 126.53 | 27.80 | 154.33 | OK | |
r-release-macos-arm64 | 0.1.41 | 71.00 | OK | |||
r-release-macos-x86_64 | 0.1.41 | 88.00 | OK | |||
r-release-windows-x86_64 | 0.1.41 | 149.00 | 76.00 | 225.00 | OK | |
r-oldrel-macos-arm64 | 0.1.41 | 129.00 | NOTE | |||
r-oldrel-macos-x86_64 | 0.1.41 | 108.00 | NOTE | |||
r-oldrel-windows-x86_64 | 0.1.41 | 175.00 | 86.00 | 261.00 | OK |
Version: 0.1.41
Check: installed package size
Result: NOTE
installed size is 7.4Mb
sub-directories of 1Mb or more:
libs 7.1Mb
Flavors: r-oldrel-macos-arm64, r-oldrel-macos-x86_64