Last updated on 2025-07-05 05:50:40 CEST.
Flavor | Version | Tinstall | Tcheck | Ttotal | Status | Flags |
---|---|---|---|---|---|---|
r-devel-linux-x86_64-debian-clang | 1.3.0 | 10.46 | 150.29 | 160.75 | OK | |
r-devel-linux-x86_64-debian-gcc | 1.3.0 | 6.92 | 105.47 | 112.39 | OK | |
r-devel-linux-x86_64-fedora-clang | 1.3.0 | 240.09 | OK | |||
r-devel-linux-x86_64-fedora-gcc | 1.3.0 | 248.80 | OK | |||
r-devel-windows-x86_64 | 1.3.0 | 13.00 | 132.00 | 145.00 | OK | |
r-patched-linux-x86_64 | 1.3.0 | 10.12 | 142.68 | 152.80 | OK | |
r-release-linux-x86_64 | 1.3.0 | 10.22 | 142.09 | 152.31 | OK | |
r-release-macos-arm64 | 1.3.0 | 65.00 | OK | |||
r-release-macos-x86_64 | 1.3.0 | 115.00 | OK | |||
r-release-windows-x86_64 | 1.3.0 | 14.00 | 131.00 | 145.00 | OK | |
r-oldrel-macos-arm64 | 1.3.0 | 60.00 | NOTE | |||
r-oldrel-macos-x86_64 | 1.3.0 | 93.00 | NOTE | |||
r-oldrel-windows-x86_64 | 1.3.0 | 18.00 | 169.00 | 187.00 | NOTE |
Version: 1.3.0
Check: installed package size
Result: NOTE
installed size is 8.7Mb
sub-directories of 1Mb or more:
doc 8.2Mb
Flavors: r-oldrel-macos-arm64, r-oldrel-macos-x86_64, r-oldrel-windows-x86_64