Last updated on 2025-07-05 05:50:40 CEST.
Flavor | Version | Tinstall | Tcheck | Ttotal | Status | Flags |
---|---|---|---|---|---|---|
r-devel-linux-x86_64-debian-clang | 0.3.10 | 10.82 | 165.01 | 175.83 | OK | |
r-devel-linux-x86_64-debian-gcc | 0.3.10 | 6.23 | 113.12 | 119.35 | OK | |
r-devel-linux-x86_64-fedora-clang | 0.3.10 | 276.01 | NOTE | |||
r-devel-linux-x86_64-fedora-gcc | 0.3.10 | 261.41 | NOTE | |||
r-devel-windows-x86_64 | 0.3.10 | 10.00 | 145.00 | 155.00 | OK | |
r-patched-linux-x86_64 | 0.3.10 | 10.16 | 150.66 | 160.82 | OK | |
r-release-linux-x86_64 | 0.3.10 | 8.42 | 148.37 | 156.79 | OK | |
r-release-macos-arm64 | 0.3.10 | 71.00 | OK | |||
r-release-macos-x86_64 | 0.3.10 | 125.00 | OK | |||
r-release-windows-x86_64 | 0.3.10 | 12.00 | 139.00 | 151.00 | OK | |
r-oldrel-macos-arm64 | 0.3.10 | 61.00 | OK | |||
r-oldrel-macos-x86_64 | 0.3.10 | 113.00 | OK | |||
r-oldrel-windows-x86_64 | 0.3.10 | 14.00 | 179.00 | 193.00 | OK |
Version: 0.3.10
Check: dependencies in R code
Result: NOTE
Namespace in Imports field not imported from: ‘qpdf’
All declared Imports should be used.
Flavors: r-devel-linux-x86_64-fedora-clang, r-devel-linux-x86_64-fedora-gcc