Last updated on 2025-07-05 05:50:39 CEST.
Flavor | Version | Tinstall | Tcheck | Ttotal | Status | Flags |
---|---|---|---|---|---|---|
r-devel-linux-x86_64-debian-clang | 0.1.1 | 106.60 | 42.17 | 148.77 | OK | |
r-devel-linux-x86_64-debian-gcc | 0.1.1 | 69.78 | 31.19 | 100.97 | OK | |
r-devel-linux-x86_64-fedora-clang | 0.1.1 | 295.94 | OK | |||
r-devel-linux-x86_64-fedora-gcc | 0.1.1 | 236.58 | OK | |||
r-devel-windows-x86_64 | 0.1.1 | 114.00 | 81.00 | 195.00 | OK | |
r-patched-linux-x86_64 | 0.1.1 | 96.96 | 38.92 | 135.88 | OK | |
r-release-linux-x86_64 | 0.1.1 | 97.65 | 36.93 | 134.58 | OK | |
r-release-macos-arm64 | 0.1.1 | 56.00 | OK | |||
r-release-macos-x86_64 | 0.1.1 | 84.00 | OK | |||
r-release-windows-x86_64 | 0.1.1 | 116.00 | 87.00 | 203.00 | OK | |
r-oldrel-macos-arm64 | 0.1.1 | 59.00 | NOTE | |||
r-oldrel-macos-x86_64 | 0.1.1 | 70.00 | NOTE | |||
r-oldrel-windows-x86_64 | 0.1.1 | 135.00 | 106.00 | 241.00 | OK |
Version: 0.1.1
Check: installed package size
Result: NOTE
installed size is 6.1Mb
sub-directories of 1Mb or more:
libs 5.6Mb
Flavors: r-oldrel-macos-arm64, r-oldrel-macos-x86_64