CRAN Package Check Results for Package RiskScorescvd

Last updated on 2025-07-05 05:50:38 CEST.

Flavor Version Tinstall Tcheck Ttotal Status Flags
r-devel-linux-x86_64-debian-clang 0.2.0 6.11 67.08 73.19 NOTE
r-devel-linux-x86_64-debian-gcc 0.2.0 4.10 45.76 49.86 NOTE
r-devel-linux-x86_64-fedora-clang 0.2.0 118.31 NOTE
r-devel-linux-x86_64-fedora-gcc 0.2.0 122.71 NOTE
r-devel-windows-x86_64 0.2.0 8.00 79.00 87.00 NOTE
r-patched-linux-x86_64 0.2.0 6.94 61.39 68.33 NOTE
r-release-linux-x86_64 0.2.0 5.46 61.07 66.53 NOTE
r-release-macos-arm64 0.2.0 40.00 NOTE
r-release-macos-x86_64 0.2.0 81.00 NOTE
r-release-windows-x86_64 0.2.0 9.00 80.00 89.00 NOTE
r-oldrel-macos-arm64 0.2.0 39.00 OK
r-oldrel-macos-x86_64 0.2.0 92.00 OK
r-oldrel-windows-x86_64 0.2.0 11.00 95.00 106.00 OK

Check Details

Version: 0.2.0
Check: DESCRIPTION meta-information
Result: NOTE Missing dependency on R >= 4.1.0 because package code uses the pipe |> or function shorthand \(...) syntax added in R 4.1.0. File(s) using such syntax: ‘15_SCORE2-Diabetes_func.R’ Flavors: r-devel-linux-x86_64-debian-clang, r-devel-linux-x86_64-debian-gcc, r-devel-linux-x86_64-fedora-clang, r-devel-linux-x86_64-fedora-gcc, r-devel-windows-x86_64, r-patched-linux-x86_64, r-release-linux-x86_64, r-release-macos-arm64, r-release-macos-x86_64, r-release-windows-x86_64