CRAN Package Check Results for Package RegKink

Last updated on 2025-07-05 05:50:37 CEST.

Flavor Version Tinstall Tcheck Ttotal Status Flags
r-devel-linux-x86_64-debian-clang 0.1.0 1.71 18.13 19.84 OK
r-devel-linux-x86_64-debian-gcc 0.1.0 1.41 15.02 16.43 OK
r-devel-linux-x86_64-fedora-clang 0.1.0 30.11 NOTE
r-devel-linux-x86_64-fedora-gcc 0.1.0 29.00 NOTE
r-devel-windows-x86_64 0.1.0 4.00 38.00 42.00 OK
r-patched-linux-x86_64 0.1.0 1.79 16.98 18.77 OK
r-release-linux-x86_64 0.1.0 1.62 16.83 18.45 OK
r-release-macos-arm64 0.1.0 13.00 OK
r-release-macos-x86_64 0.1.0 23.00 OK
r-release-windows-x86_64 0.1.0 2.00 39.00 41.00 OK
r-oldrel-macos-arm64 0.1.0 12.00 OK
r-oldrel-macos-x86_64 0.1.0 18.00 OK
r-oldrel-windows-x86_64 0.1.0 2.00 40.00 42.00 OK

Check Details

Version: 0.1.0
Check: dependencies in R code
Result: NOTE Namespace in Imports field not imported from: ‘MASS’ All declared Imports should be used. Flavors: r-devel-linux-x86_64-fedora-clang, r-devel-linux-x86_64-fedora-gcc