Last updated on 2025-07-05 05:50:36 CEST.
Flavor | Version | Tinstall | Tcheck | Ttotal | Status | Flags |
---|---|---|---|---|---|---|
r-devel-linux-x86_64-debian-clang | 3.0.1 | 15.49 | 195.92 | 211.41 | NOTE | |
r-devel-linux-x86_64-debian-gcc | 3.0.1 | 10.08 | 134.06 | 144.14 | NOTE | |
r-devel-linux-x86_64-fedora-clang | 3.0.1 | 320.40 | OK | |||
r-devel-linux-x86_64-fedora-gcc | 3.0.1 | 342.95 | OK | |||
r-devel-windows-x86_64 | 3.0.1 | 18.00 | 227.00 | 245.00 | NOTE | |
r-patched-linux-x86_64 | 3.0.1 | 15.82 | 189.68 | 205.50 | NOTE | |
r-release-linux-x86_64 | 3.0.1 | 12.96 | 188.61 | 201.57 | NOTE | |
r-release-macos-arm64 | 3.0.1 | 106.00 | OK | |||
r-release-macos-x86_64 | 3.0.1 | 230.00 | OK | |||
r-release-windows-x86_64 | 3.0.1 | 17.00 | 229.00 | 246.00 | NOTE | |
r-oldrel-macos-arm64 | 3.0.1 | 114.00 | OK | |||
r-oldrel-macos-x86_64 | 3.0.1 | 165.00 | OK | |||
r-oldrel-windows-x86_64 | 3.0.1 | 23.00 | 275.00 | 298.00 | OK |
Version: 3.0.1
Check: Rd cross-references
Result: NOTE
Found the following Rd file(s) with Rd \link{} targets missing package
anchors:
anova.cmprsk.Rd: rms
crr.fit.Rd: rms
nomogram.mk6.Rd: rms, plot.summary.rms
summary.cmprsk.Rd: rms
Please provide package anchors for all Rd \link{} targets not in the
package itself and the base packages.
Flavors: r-devel-linux-x86_64-debian-clang, r-devel-linux-x86_64-debian-gcc, r-devel-windows-x86_64, r-patched-linux-x86_64, r-release-linux-x86_64, r-release-windows-x86_64