Last updated on 2025-07-05 05:50:36 CEST.
Flavor | Version | Tinstall | Tcheck | Ttotal | Status | Flags |
---|---|---|---|---|---|---|
r-devel-linux-x86_64-debian-clang | 1.2.1 | 199.35 | 92.07 | 291.42 | OK | |
r-devel-linux-x86_64-debian-gcc | 1.2.1 | 188.12 | 63.85 | 251.97 | OK | |
r-devel-linux-x86_64-fedora-clang | 1.2.1 | 438.47 | OK | |||
r-devel-linux-x86_64-fedora-gcc | 1.2.1 | 660.14 | OK | |||
r-devel-windows-x86_64 | 1.2.1 | 192.00 | 141.00 | 333.00 | OK | |
r-patched-linux-x86_64 | 1.2.1 | 248.50 | 84.44 | 332.94 | OK | |
r-release-linux-x86_64 | 1.2.1 | 229.84 | 84.84 | 314.68 | OK | |
r-release-macos-arm64 | 1.2.1 | 132.00 | OK | |||
r-release-macos-x86_64 | 1.2.1 | 215.00 | OK | |||
r-release-windows-x86_64 | 1.2.1 | 207.00 | 152.00 | 359.00 | OK | |
r-oldrel-macos-arm64 | 1.2.1 | 147.00 | NOTE | |||
r-oldrel-macos-x86_64 | 1.2.1 | 259.00 | NOTE | |||
r-oldrel-windows-x86_64 | 1.2.1 | 262.00 | 191.00 | 453.00 | NOTE |
Version: 1.2.1
Check: installed package size
Result: NOTE
installed size is 114.6Mb
sub-directories of 1Mb or more:
libs 113.8Mb
Flavors: r-oldrel-macos-arm64, r-oldrel-macos-x86_64, r-oldrel-windows-x86_64