Last updated on 2025-07-05 05:50:33 CEST.
Flavor | Version | Tinstall | Tcheck | Ttotal | Status | Flags |
---|---|---|---|---|---|---|
r-devel-linux-x86_64-debian-clang | 1.0.0 | 74.24 | 126.58 | 200.82 | OK | |
r-devel-linux-x86_64-debian-gcc | 1.0.0 | 65.32 | 85.42 | 150.74 | OK | |
r-devel-linux-x86_64-fedora-clang | 1.0.0 | 347.99 | OK | |||
r-devel-linux-x86_64-fedora-gcc | 1.0.0 | 339.31 | OK | |||
r-devel-windows-x86_64 | 1.0.0 | 72.00 | 160.00 | 232.00 | OK | |
r-patched-linux-x86_64 | 1.0.0 | 79.66 | 125.49 | 205.15 | OK | |
r-release-linux-x86_64 | 1.0.0 | 74.73 | 124.86 | 199.59 | OK | |
r-release-macos-arm64 | 1.0.0 | 82.00 | OK | |||
r-release-macos-x86_64 | 1.0.0 | 174.00 | OK | |||
r-release-windows-x86_64 | 1.0.0 | 79.00 | 155.00 | 234.00 | OK | |
r-oldrel-macos-arm64 | 1.0.0 | 82.00 | NOTE | |||
r-oldrel-macos-x86_64 | 1.0.0 | 153.00 | NOTE | |||
r-oldrel-windows-x86_64 | 1.0.0 | 92.00 | 199.00 | 291.00 | OK |
Version: 1.0.0
Check: installed package size
Result: NOTE
installed size is 41.3Mb
sub-directories of 1Mb or more:
libs 41.0Mb
Flavors: r-oldrel-macos-arm64, r-oldrel-macos-x86_64