Last updated on 2025-07-05 05:50:33 CEST.
Flavor | Version | Tinstall | Tcheck | Ttotal | Status | Flags |
---|---|---|---|---|---|---|
r-devel-linux-x86_64-debian-clang | 0.1.5 | 121.30 | 80.22 | 201.52 | OK | |
r-devel-linux-x86_64-debian-gcc | 0.1.5 | 88.81 | 53.77 | 142.58 | OK | |
r-devel-linux-x86_64-fedora-clang | 0.1.5 | 311.43 | OK | |||
r-devel-linux-x86_64-fedora-gcc | 0.1.5 | 353.43 | OK | |||
r-devel-windows-x86_64 | 0.1.5 | 121.00 | 135.00 | 256.00 | OK | |
r-patched-linux-x86_64 | 0.1.5 | 133.97 | 71.97 | 205.94 | OK | |
r-release-linux-x86_64 | 0.1.5 | 121.74 | 74.14 | 195.88 | OK | |
r-release-macos-arm64 | 0.1.5 | 78.00 | OK | |||
r-release-macos-x86_64 | 0.1.5 | 126.00 | OK | |||
r-release-windows-x86_64 | 0.1.5 | 124.00 | 139.00 | 263.00 | OK | |
r-oldrel-macos-arm64 | 0.1.5 | 75.00 | NOTE | |||
r-oldrel-macos-x86_64 | 0.1.5 | 151.00 | NOTE | |||
r-oldrel-windows-x86_64 | 0.1.5 | 151.00 | 167.00 | 318.00 | OK |
Version: 0.1.5
Check: installed package size
Result: NOTE
installed size is 18.2Mb
sub-directories of 1Mb or more:
libs 17.0Mb
Flavors: r-oldrel-macos-arm64, r-oldrel-macos-x86_64