CRAN Package Check Results for Package MGMS2

Last updated on 2025-07-05 05:50:32 CEST.

Flavor Version Tinstall Tcheck Ttotal Status Flags
r-devel-linux-x86_64-debian-clang 1.0.2 2.75 49.20 51.95 OK
r-devel-linux-x86_64-debian-gcc 1.0.2 2.77 39.56 42.33 OK
r-devel-linux-x86_64-fedora-clang 1.0.2 81.75 OK
r-devel-linux-x86_64-fedora-gcc 1.0.2 79.70 OK
r-devel-windows-x86_64 1.0.2 5.00 73.00 78.00 OK
r-patched-linux-x86_64 1.0.2 3.58 47.22 50.80 OK
r-release-linux-x86_64 1.0.2 3.18 48.43 51.61 OK
r-release-macos-arm64 1.0.2 33.00 OK
r-release-macos-x86_64 1.0.2 56.00 OK
r-release-windows-x86_64 1.0.2 5.00 72.00 77.00 OK
r-oldrel-macos-arm64 1.0.2 30.00 NOTE
r-oldrel-macos-x86_64 1.0.2 43.00 NOTE
r-oldrel-windows-x86_64 1.0.2 6.00 83.00 89.00 NOTE

Check Details

Version: 1.0.2
Check: LazyData
Result: NOTE 'LazyData' is specified without a 'data' directory Flavors: r-oldrel-macos-arm64, r-oldrel-macos-x86_64, r-oldrel-windows-x86_64