CRAN Package Check Results for Package MFDFA

Last updated on 2025-07-05 05:50:32 CEST.

Flavor Version Tinstall Tcheck Ttotal Status Flags
r-devel-linux-x86_64-debian-clang 1.1 2.05 29.85 31.90 OK
r-devel-linux-x86_64-debian-gcc 1.1 1.57 21.78 23.35 OK
r-devel-linux-x86_64-fedora-clang 1.1 52.61 OK
r-devel-linux-x86_64-fedora-gcc 1.1 48.69 OK
r-devel-windows-x86_64 1.1 3.00 49.00 52.00 OK
r-patched-linux-x86_64 1.1 1.70 28.60 30.30 OK
r-release-linux-x86_64 1.1 1.84 28.63 30.47 OK
r-release-macos-arm64 1.1 33.00 OK
r-release-macos-x86_64 1.1 31.00 OK
r-release-windows-x86_64 1.1 3.00 50.00 53.00 OK
r-oldrel-macos-arm64 1.1 17.00 NOTE
r-oldrel-macos-x86_64 1.1 26.00 NOTE
r-oldrel-windows-x86_64 1.1 3.00 55.00 58.00 NOTE

Check Details

Version: 1.1
Check: LazyData
Result: NOTE 'LazyData' is specified without a 'data' directory Flavors: r-oldrel-macos-arm64, r-oldrel-macos-x86_64, r-oldrel-windows-x86_64