Last updated on 2025-07-05 05:50:32 CEST.
Flavor | Version | Tinstall | Tcheck | Ttotal | Status | Flags |
---|---|---|---|---|---|---|
r-devel-linux-x86_64-debian-clang | 2.0.4 | 9.87 | 83.15 | 93.02 | NOTE | |
r-devel-linux-x86_64-debian-gcc | 2.0.4 | 6.49 | 61.36 | 67.85 | NOTE | |
r-devel-linux-x86_64-fedora-clang | 2.0.4 | 148.62 | OK | |||
r-devel-linux-x86_64-fedora-gcc | 2.0.4 | 152.74 | OK | |||
r-devel-windows-x86_64 | 2.0.4 | 11.00 | 90.00 | 101.00 | OK | |
r-patched-linux-x86_64 | 2.0.4 | 9.84 | 78.37 | 88.21 | OK | |
r-release-linux-x86_64 | 2.0.4 | 9.45 | 78.51 | 87.96 | OK | |
r-release-macos-arm64 | 2.0.4 | 78.00 | OK | |||
r-release-macos-x86_64 | 2.0.4 | 90.00 | OK | |||
r-release-windows-x86_64 | 2.0.4 | 12.00 | 94.00 | 106.00 | OK | |
r-oldrel-macos-arm64 | 2.0.4 | 52.00 | OK | |||
r-oldrel-macos-x86_64 | 2.0.4 | 74.00 | OK | |||
r-oldrel-windows-x86_64 | 2.0.4 | 16.00 | 116.00 | 132.00 | OK |
Version: 2.0.4
Check: CRAN incoming feasibility
Result: NOTE
Maintainer: ‘John Chaston <john_chaston@byu.edu>’
Found the following (possibly) invalid file URI:
URI: www.orthomcl.org
From: inst/doc/using_mag.html
Flavors: r-devel-linux-x86_64-debian-clang, r-devel-linux-x86_64-debian-gcc