CRAN Package Check Results for Package IBCF.MTME

Last updated on 2025-07-05 05:50:29 CEST.

Flavor Version Tinstall Tcheck Ttotal Status Flags
r-devel-linux-x86_64-debian-clang 1.6-0 4.54 118.48 123.02 NOTE
r-devel-linux-x86_64-debian-gcc 1.6-0 2.74 71.60 74.34 NOTE
r-devel-linux-x86_64-fedora-clang 1.6-0 186.66 OK
r-devel-linux-x86_64-fedora-gcc 1.6-0 180.14 OK
r-devel-windows-x86_64 1.6-0 6.00 116.00 122.00 OK
r-patched-linux-x86_64 1.6-0 4.83 111.26 116.09 OK
r-release-linux-x86_64 1.6-0 3.93 110.51 114.44 OK
r-release-macos-arm64 1.6-0 48.00 OK
r-release-macos-x86_64 1.6-0 106.00 OK
r-release-windows-x86_64 1.6-0 7.00 120.00 127.00 OK
r-oldrel-macos-arm64 1.6-0 51.00 OK
r-oldrel-macos-x86_64 1.6-0 80.00 OK
r-oldrel-windows-x86_64 1.6-0 7.00 155.00 162.00 OK

Check Details

Version: 1.6-0
Check: CRAN incoming feasibility
Result: NOTE Maintainer: ‘Francisco Javier Luna-Vazquez <frahik@gmail.com>’ The BugReports field in DESCRIPTION has https://github.com/frahik/IBCF.MTME/issues/new which should likely be https://github.com/frahik/IBCF.MTME/issues/new/issues instead. Flavors: r-devel-linux-x86_64-debian-clang, r-devel-linux-x86_64-debian-gcc