Last updated on 2025-07-05 05:50:27 CEST.
Flavor | Version | Tinstall | Tcheck | Ttotal | Status | Flags |
---|---|---|---|---|---|---|
r-devel-linux-x86_64-debian-clang | 1.0.0 | 113.15 | 534.04 | 647.19 | OK | |
r-devel-linux-x86_64-debian-gcc | 1.0.0 | 84.95 | 362.41 | 447.36 | OK | |
r-devel-linux-x86_64-fedora-clang | 1.0.0 | 1079.97 | OK | |||
r-devel-linux-x86_64-fedora-gcc | 1.0.0 | 1013.42 | OK | |||
r-devel-windows-x86_64 | 1.0.0 | 116.00 | 466.00 | 582.00 | OK | |
r-patched-linux-x86_64 | 1.0.0 | 120.98 | 508.01 | 628.99 | OK | |
r-release-linux-x86_64 | 1.0.0 | 113.51 | 509.63 | 623.14 | OK | |
r-release-macos-arm64 | 1.0.0 | 236.00 | OK | |||
r-release-macos-x86_64 | 1.0.0 | 527.00 | OK | |||
r-release-windows-x86_64 | 1.0.0 | 112.00 | 453.00 | 565.00 | OK | |
r-oldrel-macos-arm64 | 1.0.0 | 243.00 | NOTE | |||
r-oldrel-macos-x86_64 | 1.0.0 | 319.00 | NOTE | |||
r-oldrel-windows-x86_64 | 1.0.0 | 142.00 | 643.00 | 785.00 | OK |
Version: 1.0.0
Check: installed package size
Result: NOTE
installed size is 31.4Mb
sub-directories of 1Mb or more:
libs 30.7Mb
Flavors: r-oldrel-macos-arm64, r-oldrel-macos-x86_64