CRAN Package Check Results for Package ELMR

Last updated on 2025-07-14 05:48:24 CEST.

Flavor Version Tinstall Tcheck Ttotal Status Flags
r-devel-linux-x86_64-debian-clang 1.0 1.78 17.59 19.37 OK
r-devel-linux-x86_64-debian-gcc 1.0 1.46 14.97 16.43 OK
r-devel-linux-x86_64-fedora-clang 1.0 32.45 OK
r-devel-linux-x86_64-fedora-gcc 1.0 28.90 OK
r-devel-windows-x86_64 1.0 3.00 35.00 38.00 OK
r-patched-linux-x86_64 1.0 1.85 16.88 18.73 OK
r-release-linux-x86_64 1.0 1.73 17.04 18.77 OK
r-release-macos-arm64 1.0 14.00 OK
r-release-macos-x86_64 1.0 30.00 OK
r-release-windows-x86_64 1.0 3.00 36.00 39.00 OK
r-oldrel-macos-arm64 1.0 13.00 NOTE
r-oldrel-macos-x86_64 1.0 24.00 NOTE
r-oldrel-windows-x86_64 1.0 3.00 35.00 38.00 NOTE

Check Details

Version: 1.0
Check: LazyData
Result: NOTE 'LazyData' is specified without a 'data' directory Flavors: r-oldrel-macos-arm64, r-oldrel-macos-x86_64, r-oldrel-windows-x86_64