CRAN Package Check Results for Package EIAapi

Last updated on 2025-07-05 05:50:26 CEST.

Flavor Version Tinstall Tcheck Ttotal Status Flags
r-devel-linux-x86_64-debian-clang 0.2.0 1.99 19.80 21.79 OK
r-devel-linux-x86_64-debian-gcc 0.2.0 1.50 17.03 18.53 OK
r-devel-linux-x86_64-fedora-clang 0.2.0 32.54 OK
r-devel-linux-x86_64-fedora-gcc 0.2.0 30.69 OK
r-devel-windows-x86_64 0.2.0 6.00 54.00 60.00 OK
r-patched-linux-x86_64 0.2.0 1.96 17.54 19.50 OK
r-release-linux-x86_64 0.1.2 1.73 17.37 19.10 NOTE
r-release-macos-arm64 0.1.2 20.00 NOTE
r-release-macos-x86_64 0.2.0 24.00 OK
r-release-windows-x86_64 0.2.0 7.00 41.00 48.00 OK
r-oldrel-macos-arm64 0.1.2 15.00 OK
r-oldrel-macos-x86_64 0.2.0 28.00 OK
r-oldrel-windows-x86_64 0.2.0 3.00 45.00 48.00 OK

Check Details

Version: 0.1.2
Check: DESCRIPTION meta-information
Result: NOTE Missing dependency on R >= 4.1.0 because package code uses the pipe |> or function shorthand \(...) syntax added in R 4.1.0. File(s) using such syntax: ‘backfile.R’ Flavors: r-release-linux-x86_64, r-release-macos-arm64