CRAN Package Check Results for Package DisHet

Last updated on 2025-07-05 05:50:25 CEST.

Flavor Version Tinstall Tcheck Ttotal Status Flags
r-devel-linux-x86_64-debian-clang 1.0.0 1.77 27.46 29.23 NOTE
r-devel-linux-x86_64-debian-gcc 1.0.0 1.53 20.33 21.86 NOTE
r-devel-linux-x86_64-fedora-clang 1.0.0 46.06 OK
r-devel-linux-x86_64-fedora-gcc 1.0.0 42.87 OK
r-devel-windows-x86_64 1.0.0 3.00 46.00 49.00 OK
r-patched-linux-x86_64 1.0.0 1.84 26.06 27.90 OK
r-release-linux-x86_64 1.0.0 1.63 25.78 27.41 OK
r-release-macos-arm64 1.0.0 18.00 OK
r-release-macos-x86_64 1.0.0 30.00 OK
r-release-windows-x86_64 1.0.0 3.00 48.00 51.00 OK
r-oldrel-macos-arm64 1.0.0 18.00 OK
r-oldrel-macos-x86_64 1.0.0 25.00 OK
r-oldrel-windows-x86_64 1.0.0 3.00 56.00 59.00 OK

Check Details

Version: 1.0.0
Check: CRAN incoming feasibility
Result: NOTE Maintainer: ‘Tao Wang <tao.wang@utsouthwestern.edu>’ No Authors@R field in DESCRIPTION. Please add one, modifying Authors@R: person(given = "Tao", family = "Wang", role = c("aut", "cre"), email = "tao.wang@utsouthwestern.edu") as necessary. Flavors: r-devel-linux-x86_64-debian-clang, r-devel-linux-x86_64-debian-gcc