Last updated on 2025-07-05 05:50:24 CEST.
Flavor | Version | Tinstall | Tcheck | Ttotal | Status | Flags |
---|---|---|---|---|---|---|
r-devel-linux-x86_64-debian-clang | 0.1.0 | 22.52 | 23.41 | 45.93 | OK | |
r-devel-linux-x86_64-debian-gcc | 0.1.0 | 14.70 | 19.40 | 34.10 | OK | |
r-devel-linux-x86_64-fedora-clang | 0.1.0 | 80.58 | OK | |||
r-devel-linux-x86_64-fedora-gcc | 0.1.0 | 75.37 | OK | |||
r-devel-windows-x86_64 | 0.1.0 | 25.00 | 64.00 | 89.00 | OK | |
r-patched-linux-x86_64 | 0.1.0 | 21.07 | 22.65 | 43.72 | OK | |
r-release-linux-x86_64 | 0.1.0 | 22.43 | 22.46 | 44.89 | OK | |
r-release-macos-arm64 | 0.1.0 | 33.00 | OK | |||
r-release-macos-x86_64 | 0.1.0 | 40.00 | OK | |||
r-release-windows-x86_64 | 0.1.0 | 25.00 | 63.00 | 88.00 | OK | |
r-oldrel-macos-arm64 | 0.1.0 | 25.00 | NOTE | |||
r-oldrel-macos-x86_64 | 0.1.0 | 37.00 | NOTE | |||
r-oldrel-windows-x86_64 | 0.1.0 | 31.00 | 71.00 | 102.00 | NOTE |
Version: 0.1.0
Check: LazyData
Result: NOTE
'LazyData' is specified without a 'data' directory
Flavors: r-oldrel-macos-arm64, r-oldrel-macos-x86_64, r-oldrel-windows-x86_64