Last updated on 2025-07-05 05:50:23 CEST.
Flavor | Version | Tinstall | Tcheck | Ttotal | Status | Flags |
---|---|---|---|---|---|---|
r-devel-linux-x86_64-debian-clang | 0.2.0 | 652.74 | 209.80 | 862.54 | OK | |
r-devel-linux-x86_64-debian-gcc | 0.2.0 | 620.88 | 227.56 | 848.44 | OK | |
r-devel-linux-x86_64-fedora-clang | 0.2.0 | 1384.79 | OK | |||
r-devel-linux-x86_64-fedora-gcc | 0.2.0 | 1859.50 | OK | |||
r-devel-windows-x86_64 | 0.2.0 | 732.00 | 348.00 | 1080.00 | OK | |
r-patched-linux-x86_64 | 0.2.0 | 841.31 | 286.51 | 1127.82 | OK | |
r-release-linux-x86_64 | 0.2.0 | 806.09 | 286.45 | 1092.54 | OK | |
r-release-macos-arm64 | 0.2.0 | 340.00 | OK | |||
r-release-macos-x86_64 | 0.2.0 | 451.00 | OK | |||
r-release-windows-x86_64 | 0.2.0 | 720.00 | 355.00 | 1075.00 | OK | |
r-oldrel-macos-arm64 | 0.2.0 | 198.00 | NOTE | |||
r-oldrel-macos-x86_64 | 0.2.0 | 208.00 | NOTE | |||
r-oldrel-windows-x86_64 | 0.2.0 | 836.00 | 437.00 | 1273.00 | NOTE |
Version: 0.2.0
Check: installed package size
Result: NOTE
installed size is 96.6Mb
sub-directories of 1Mb or more:
libs 96.1Mb
Flavors: r-oldrel-macos-arm64, r-oldrel-macos-x86_64, r-oldrel-windows-x86_64
Version: 0.2.0
Check: for GNU extensions in Makefiles
Result: NOTE
GNU make is a SystemRequirements.
Flavors: r-oldrel-macos-arm64, r-oldrel-macos-x86_64, r-oldrel-windows-x86_64