CRAN Package Check Results for Package BACCT

Last updated on 2025-07-05 05:50:22 CEST.

Flavor Version Tinstall Tcheck Ttotal Status Flags
r-devel-linux-x86_64-debian-clang 1.0 6.11 46.85 52.96 OK
r-devel-linux-x86_64-debian-gcc 1.0 4.01 34.78 38.79 OK
r-devel-linux-x86_64-fedora-clang 1.0 81.62 OK
r-devel-linux-x86_64-fedora-gcc 1.0 80.61 OK
r-devel-windows-x86_64 1.0 7.00 64.00 71.00 OK
r-patched-linux-x86_64 1.0 5.66 44.28 49.94 OK
r-release-linux-x86_64 1.0 4.94 43.73 48.67 OK
r-release-macos-arm64 1.0 30.00 OK
r-release-macos-x86_64 1.0 66.00 OK
r-release-windows-x86_64 1.0 7.00 64.00 71.00 OK
r-oldrel-macos-arm64 1.0 25.00 NOTE
r-oldrel-macos-x86_64 1.0 47.00 NOTE
r-oldrel-windows-x86_64 1.0 9.00 74.00 83.00 NOTE

Check Details

Version: 1.0
Check: LazyData
Result: NOTE 'LazyData' is specified without a 'data' directory Flavors: r-oldrel-macos-arm64, r-oldrel-macos-x86_64, r-oldrel-windows-x86_64